ighest common divisor of i and 195.
15
Let d be 0 + (-48)/4*1/(-2). Suppose -57 = -d*h + 9. What is the greatest common factor of h and 77?
11
Let n = -1759 - -2683. Suppose b - n = -3*b. Calculate the highest common factor of 21 and b.
21
Suppose -5*w - 3*x = -513, -3*w + 202 = -3*x - 101. What is the greatest common divisor of 18 and w?
6
Suppose i = -i + 4*v + 904, i = 5*v + 467. What is the greatest common divisor of 136 and i?
34
Let p be 6/15 - 190/(-25). Suppose -3*g + 16 = g. What is the greatest common divisor of g and p?
4
Let c be 208*4/(-12)*6/(-4). What is the greatest common factor of c and 182?
26
Let a = -9 + 14. What is the highest common factor of a and 535?
5
Let a(w) = 11*w**2 + 7*w - 6. Let m be a(4). Let q(y) = -11*y - 22. Let h be 12/(-4) + 1 + -2. Let v be q(h). Calculate the highest common divisor of m and v.
22
Suppose 5*q - 1585 = 2*m + 14, -5*m = -4*q + 1286. Calculate the greatest common factor of q and 66.
11
Let x(t) = -t**2 + 40*t - 339. Let b be x(15). Calculate the highest common factor of b and 774.
18
Suppose -6*u + 13 + 35 = 0. What is the highest common divisor of u and 10?
2
Let l = -370 - -398. Let m be (-1)/(-3)*(-1 - 8). Let u(g) = -g**3 + g**2 - g + 3. Let b be u(m). What is the greatest common factor of l and b?
14
Suppose 14 + 66 = 4*o. Suppose -4*l = -4 - o. Let a = -84 - -126. What is the highest common divisor of a and l?
6
Let w(v) = -3*v**2 + 57*v - 3. Let z be w(11). Calculate the greatest common divisor of z and 348.
87
Let r(p) = 85*p**3 + 2 - 4*p - p - p**2 + 3*p. Let m be r(1). Let c be m/(-7)*(-11)/4. What is the greatest common factor of c and 165?
33
Let s = 785 - 731. Calculate the highest common factor of 45 and s.
9
Let t = -143 + 149. What is the greatest common factor of t and 78?
6
Let s = 94 + -67. Suppose 21 = 3*z + l, -5*l = -z - 4*z + 15. Let q be (2/z)/(1/9). Calculate the highest common factor of q and s.
3
Suppose 17*z - 15 = 14*z. Suppose 2*w - 3*w = 2*i + 3, -z*i = -5*w - 30. Calculate the greatest common divisor of 11 and i.
1
Let b(j) = 8*j - 112. Let o be b(24). What is the highest common divisor of o and 100?
20
Let f be (-25)/125 + 162/10. What is the greatest common divisor of f and 584?
8
Suppose b + 2*v = 6*v + 216, -v = -5*b + 1080. Suppose 11*d - b = -7. Suppose 3*o - 180 = 105. Calculate the highest common divisor of d and o.
19
Let j be (-9)/(-6)*(-704)/(-48). Calculate the highest common factor of 550 and j.
22
Let h = -636 + 806. What is the highest common divisor of 34 and h?
34
Suppose 0 = 4*l - 5*r + 1 + 1, 10 = 4*l + r. Suppose q = 2*q - l. What is the highest common factor of q and 14?
2
Let o(v) = v**3 + 11*v**2 + 10*v + 13. Let m be o(-4). Calculate the greatest common factor of m and 170.
85
Let g be 15*((-16)/10 + 2). Let m be (-6)/(-9)*-1*g. Let t be ((-4)/m)/((-1)/(-24)). What is the greatest common factor of 8 and t?
8
Suppose 0 = 4*p + 5*c - 112 + 3, -c + 26 = p. Suppose 29*u - 413 = -30*u. What is the highest common factor of u and p?
7
Let k = -29 + 48. What is the greatest common divisor of 152 and k?
19
Suppose -162 = -3*c - 4*u, -2*c - 47 = -3*c + u. Let q be (0/3 - -4)*5. What is the greatest common divisor of q and c?
10
Let a(v) = -3*v**2 + 71*v + 22. Let w be a(21). Calculate the highest common divisor of 38 and w.
38
Suppose 0 = -y + 1, -2*y = -0*q - q. Suppose q*n = -3*n + 840. Calculate the greatest common factor of 24 and n.
24
Let w(n) = -111*n - 1062. Let r be w(-10). What is the highest common factor of r and 36?
12
Let a be ((-16)/20 - -2)/((-3)/(-640)). Suppose -a = -k + 56. Calculate the greatest common divisor of k and 39.
39
Let a(p) = -4*p + 24. Let d(z) = 4*z - 25. Let b(i) = 3*a(i) + 4*d(i). Let o be b(9). Calculate the greatest common factor of 4 and o.
4
Let l be (6 - 9)*28/(-2). Let f(u) = 2*u - 14. Let i be f(11). Let c = i + -2. What is the greatest common divisor of l and c?
6
Let n = 713 - 573. Calculate the highest common factor of n and 40.
20
Let l be -189*(11/11 + -2). Calculate the greatest common divisor of 243 and l.
27
Let b be -7*61/(-4 - 162/(-44)). What is the highest common factor of b and 183?
61
Suppose 11 = -l + 2*l. Let o = 80 - 47. What is the greatest common factor of l and o?
11
Let f(b) = 66*b**2 - 10*b. Let r be f(4). Calculate the highest common divisor of r and 8.
8
Suppose b - 31 = 17. Suppose -11*u + b = -7*u. Calculate the highest common factor of 36 and u.
12
Let t be (-19 + 0)/(3 + 78/(-24)). What is the highest common factor of t and 95?
19
Let u = 1397 - 1365. Calculate the greatest common factor of 8 and u.
8
Let h be -92*(-3 - -2) + -1. Let w = -306 + 319. What is the highest common factor of h and w?
13
Let t(n) = n**3 + 11*n**2 + 11*n + 20. Suppose 5*o + 26 + 19 = 0. Let h be t(o). Suppose 3*f - h = -32. Calculate the greatest common factor of f and 34.
17
Suppose -21*o - 32*o + 371 = 0. What is the greatest common factor of 168 and o?
7
Suppose 3*z - 104 = 3*x + 196, x - 100 = -z. What is the highest common factor of 125 and z?
25
Let b = -20 + 30. Suppose -5*k + c - 80 = -2*k, -5*c - 16 = k. Let x(g) = -g**2 - 27*g - 21. Let p be x(k). What is the greatest common factor of p and b?
5
Let p = -27 + 171. Let w = p - 131. What is the greatest common divisor of 13 and w?
13
Suppose s + 3*s - 80 = -5*h, 5*s - 4*h = 100. Let t = -6 - -6. Let b be (-1 - (t - -2)) + 7. Calculate the highest common factor of s and b.
4
Suppose 2*k - 7 - 1 = 0, 3*k = -5*f + 212. Let q(p) = 37*p**2 + p. Let d be q(1). Let o = d + 62. What is the greatest common divisor of o and f?
20
Suppose -2*r - 3*r + 15 = 0, 46 = 4*h + 2*r. Let c be (60/8)/(-6 + (-292)/(-48)). What is the highest common factor of c and h?
10
Suppose -4*f = i - 5*i + 912, 1140 = 5*i + 4*f. Suppose 0 = z + 2*x - i, 3*x - 4 = 8. Calculate the greatest common divisor of 88 and z.
44
Let q be 2/(-10) + (-21112)/40. Let y be 3*5/(-4)*q/4. What is the highest common factor of y and 55?
55
Let z(u) = u - 3*u + 5*u - 6*u - u**2 + 5 + 4*u**3. Let c be z(2). Calculate the greatest common divisor of c and 243.
27
Suppose 0 = -4*p - 18 - 6. Let c be (-16 + 328)/(p/(-4)). What is the highest common divisor of 26 and c?
26
Let t be (-11 + 18)/((-7)/(-161)). Calculate the highest common divisor of 115 and t.
23
Let x = 3 + -1. Suppose 5*n - 2*s = -0*n + 75, -x*n = 3*s - 11. What is the greatest common factor of n and 13?
13
Let q = 103 - 71. Let n(i) = 2 - i + 5*i + 7 - 3*i. Let a be n(-5). What is the greatest common divisor of a and q?
4
Let b(g) = -g**3 - 9*g**2 + g + 11. Let d be b(-9). Let x(o) = 12*o. Let h be x(d). What is the greatest common factor of h and 4?
4
Suppose -64*i + 69*i + 25 = 0, -3*h + 56 = 2*i. What is the greatest common factor of h and 627?
11
Let c = -48 + 86. Let p = 70 - c. Calculate the greatest common divisor of p and 288.
32
Suppose 4*q = 8*v - 7*v + 220, 3*q - 154 = -2*v. Calculate the highest common divisor of 9 and q.
9
Suppose 0*l - 99 = 3*l. Let g = 16 + l. Let w = 305 + g. Calculate the highest common divisor of w and 32.
32
Let b = 78 + -85. Let j be (-18)/21*(0 + b/1). Let r = 4 - -62. What is the greatest common factor of j and r?
6
Let u be (-53)/(-265) - (3 - 688/10). What is the greatest common divisor of 99 and u?
33
Let f be (2 - -4)*1/3. Suppose -51 = -f*h - 7. Let i = -95 - -97. What is the greatest common divisor of h and i?
2
Let w(v) = v + 1. Let r(i) = 24*i + 6. Let a(b) = -r(b) + 6*w(b). Let p be a(-2). Let d = p - 20. Calculate the highest common factor of 2 and d.
2
Let c(i) = 6*i**2 - 13*i + 127. Let s be c(9). What is the greatest common factor of 93 and s?
31
Let x be (2 + 0)/1*21. What is the greatest common divisor of x and 28?
14
Suppose -3*x = -3*u + 7*u - 14, -2*x - 4 = 0. What is the greatest common factor of u and 25?
5
Let u be (-341)/(-62)*(-462)/(3*-1). Calculate the highest common divisor of 7 and u.
7
Let d(t) = -t + 19. Let m be 3/12*68 - 2*1. Let l be d(m). Let c(b) = -b**3 + b**2 + 4. Let q be c(0). What is the greatest common factor of q and l?
4
Let k = 345 - 194. Let q be k/3 + 10/(-30). Calculate the greatest common factor of q and 10.
10
Let d(u) = -u**3 - 2*u**2 + 2*u + 1. Let i be d(-6). Suppose 0 = -4*k + i + 155. What is the highest common factor of k and 9?
9
Suppose